 t(4).
1
Let v be (-1)/(2/(-18)*-3). Let o(m) = 4*m - 3. Let c(d) = -2*d + 2. Let y(j) = 5*c(j) + 3*o(j). Calculate y(v).
-5
Let i(m) = -m**2 - 4*m - 4. Suppose -2*r + r + 2 = 0. Suppose -5*z + r*z = 27. Let j = z - -5. What is i(j)?
-4
Let d be -4 - (0 - (-4)/4). Let v(u) = 2*u + 3. Let i be v(d). Let c(r) = r**2 + 6*r - 10. What is c(i)?
-3
Let k(a) = a**2 + a + 1. Let n(f) = -5*f**2 - 3*f - 2. Let s = 23 + -25. Let m(z) = s*k(z) - n(z). Determine m(1).
4
Let y = -5 + 7. Suppose -y - 1 = -a. Let f(j) be the third derivative of j**5/60 - j**4/12 - 2*j**3/3 + j**2. What is f(a)?
-1
Let q(s) = -s**3 - s**2 + 3*s + 3. Let f be (-1)/(5/(-16)) - (-11)/(-55). What is q(f)?
-24
Let y(k) = k**3 + k**2 - 2*k + 1. Let g = -3 - -4. Let s be y(g). Let f(n) = -15*n + 1. Give f(s).
-14
Let r(v) be the second derivative of v**4/12 - v**2/2 - v. Let x(q) be the first derivative of q**4/4 + q**3 - 3*q**2 - 5*q + 5. Let n be x(-4). Give r(n).
8
Let y(j) = 7*j**2 + 12*j + 6. Let x(v) = 3*v**2 - 12*v - 9. Let k(t) = -2*t**2 + 11*t + 8. Let c(g) = 6*k(g) + 5*x(g). Let i(a) = 5*c(a) - 2*y(a). Give i(-4).
-5
Let a(j) = -4*j**2 + 0*j + 5*j**2 + 4*j + 0*j**2. Give a(-5).
5
Suppose v + 0*v + 2 = -c, 2*v + 4*c = -4. Let m = 5 + v. Let x(o) = -3*o**2 - 3*o + 2. Let s(k) = 2*k**2 + 2*k - 1. Let t(z) = m*x(z) + 5*s(z). Give t(0).
1
Let f(g) = 2*g - g**2 - 8 + 2 + 7*g - 1. What is f(7)?
7
Let y(x) be the third derivative of -x**9/60480 + x**8/6720 + x**7/5040 + x**6/360 + x**5/10 + 9*x**2. Let s(z) be the third derivative of y(z). Give s(4).
-10
Let v(t) = -t - 6. Let u(h) = -1. Let j(f) = 5*u(f) - v(f). Suppose -5*r + 75 = -2*r. Suppose 10*b = 2*m + 5*b - r, 0 = -3*m - 5*b. Determine j(m).
6
Let h(x) = 2*x + 7. Let j(k) = -k - 3. Let w(y) = -3*h(y) - 5*j(y). What is w(-5)?
-1
Let i be (20/1)/(9 + -7). Let v(m) = 6*m - m - 10 + i. Determine v(-1).
-5
Let x(z) = -z**3 + 4*z**2 + 5*z - 1. Let q(r) = -r + 2 + 5 + 5. Let g be q(9). Let j be -10*(g - (-7)/(-2)). What is x(j)?
-1
Let l(u) = 3*u - 13 - 2*u + 10. What is l(-3)?
-6
Let t(j) = j**2 - 4*j - 3. Let c = 12 - 5. Let p = 5 - c. Give t(p).
9
Let n(r) be the third derivative of -r**6/120 + r**5/20 + r**4/8 + r**3/2 - r**2. Let u = -11 - -15. What is n(u)?
-1
Let o(s) = 8*s**2 - 15*s + 6. Let y(b) = 7*b**2 - 14*b + 6. Let z(n) = 6*o(n) - 7*y(n). Let g = 9 + -3. Give z(g).
6
Let q(g) = 3*g**2 + 7. Let h(v) = -6*v**2 - 4*v**2 + 15*v**2 + v + 13. Let z(m) = -4*h(m) + 7*q(m). Determine z(4).
-3
Let o(h) = 7*h - 1. Let w be o(1). Let q(g) = 269*g + 3 - 138*g - 136*g + g**2. Calculate q(w).
9
Suppose -2 = -0*o - o. Let y(x) = 1 + 6*x**2 - x**3 - x**2 - 2*x**2 - o*x. Let m(s) = -s**3 - 8*s**2 + 10*s + 11. Let t be m(-9). Calculate y(t).
1
Let m(c) be the first derivative of 3/2*c**2 + 5 - 1/4*c**4 + 2*c + 0*c**3. What is m(-2)?
4
Let a(j) = -j - 1. Let v = -1 - 6. Let p = v + 4. Give a(p).
2
Let f(k) be the first derivative of k**4/4 - k**3/3 + k**2/2 + 3*k - 10. What is f(0)?
3
Let n(r) = -r**3 + 9*r**2 - r + 13. Let j be n(9). Suppose -j*u + u = -42. Suppose 5*z + u = 39. Let c(o) = -o**3 + 6*o**2 - 3*o - 4. Give c(z).
6
Suppose -3*d - 2 - 13 = 0. Let n(s) = -2*s**2 - 6*s + 4. What is n(d)?
-16
Suppose 0*g + 7*g + 49 = 0. Let s(t) = t**2 + 7*t + 2. Determine s(g).
2
Let o(k) = -k**3 - 7*k**2 - 6*k - 5. Let i(n) = 4*n - 11. Let v be i(6). Suppose 5*r = -2*p + v, -3*r = -4*p - 29 - 10. What is o(p)?
-5
Let m(i) = 11*i - 17*i + 5*i. Determine m(2).
-2
Let a(c) = 4*c - 3. Let h(i) = -9*i + 7. Let z(x) = -5*a(x) - 2*h(x). Suppose -9 = -3*r - n, -2*r - 6*n + 6 = -n. Calculate z(r).
-5
Let u(w) = 2*w**2 + 4*w + 1. Let h(i) = 6*i**2 + 12*i + 4. Let c(z) = 3*h(z) - 8*u(z). Determine c(-3).
10
Let f = 38 - 34. Let s(u) = 4*u + 3 - 5*u - 6. Calculate s(f).
-7
Let d(j) be the first derivative of j**4/4 - 4*j**3/3 + 5*j**2/2 - 2*j - 3. Let b(a) = 2*a - 7. Let x be b(5). Suppose 1 = x*w - 8. What is d(w)?
4
Let m(z) be the second derivative of z**3/3 + 3*z**2/2 - 10*z. Give m(3).
9
Let a(n) = -n**3 - 3*n**2 + 3*n + 3. Let u be a(-3). Let p(z) = 2*z - 4. Calculate p(u).
-16
Let u(s) = -s**3 + 6*s**2 + s - 1. Let q(h) = -4*h - 2. Let t(r) = 4*r + 1. Let f(y) = 3*q(y) + 4*t(y). Let v be f(2). Calculate u(v).
5
Let l(q) = -3*q + 13*q + 1 - 6*q - 7*q. Suppose -6 - 2 = -4*n. Let h = 3 - n. What is l(h)?
-2
Let o(v) = -v. Suppose 4*x + 12 = -5*z, 0 = 5*x - 2*x + 9. Suppose z = 3*f + 5 + 4. Determine o(f).
3
Let a be (6/(-9))/(4/(-30)). Let m(p) = -4*p + 1 - a - p**2 + 2. Let v be ((-4)/6)/((-10)/(-75)). Determine m(v).
-7
Let m(b) = 18*b + 1. Let d(h) = h**3 + 3*h + 3. Let p be d(-1). Determine m(p).
-17
Let d(h) = 11*h - 11. Let x(t) = 6*t - 5. Let z(i) = -5*d(i) + 11*x(i). Suppose 3*u = -2*r + 16, 2*r - 5*r + 22 = 4*u. Suppose -4*l - u = -0*l. Determine z(l).
-11
Let j(k) = k**3 + 4*k**2 + 3*k + 1. Let f be j(-2). Let l = -4 + f. Let r = l + -2. Let u(a) = a**3 + 3*a**2 - a - 3. What is u(r)?
0
Let l(f) = -2*f - 5. Let v(o) = o**2 - 2*o - 5. Let z be v(0). What is l(z)?
5
Let s(g) be the second derivative of 0 - 2*g + 1/12*g**4 - 2*g**2 + 0*g**3. Determine s(4).
12
Let l(d) be the third derivative of -d**5/60 + 8*d**2. Give l(2).
-4
Let f(b) = 2*b. Suppose -2*g = 4*w + g - 7, -w + 3*g = 17. Let v be (0 - -2)/(w/3). Let c be ((-1)/3)/(1/v). Calculate f(c).
2
Let b(f) = -3*f**3 - 13*f**2 + 10*f - 6. Let v(h) = -2*h**3 - 7*h**2 + 5*h - 3. Let u(p) = 3*b(p) - 5*v(p). Determine u(3).
3
Let n(g) be the third derivative of g**6/120 - g**5/12 + g**4/8 + g**3/3 - 2*g**2. Let q(j) = j**3 + 2*j**2 - 1. Let m be q(1). Suppose m = f - 2. Give n(f).
-2
Let c(i) be the second derivative of -i**3/6 + i**2 - i. Let x(q) = 4*q**3 + q**2 + 2*q + 1. Let o be x(-1). Let y be ((-2)/o)/(3/12). Determine c(y).
0
Let o(n) = -6*n + 2 + n**2 + 5 - 1. Let d = 40 - 35. Determine o(d).
1
Let o(h) = -h**2 + h - 7. Let z(d) = d - 5. Let w = -9 + 14. Let n be z(w). Determine o(n).
-7
Let o(c) = -c**2 - 7*c + 1. Let p(h) = -h**2 - 6*h + 1. Let a(x) = -5*o(x) + 6*p(x). Let i be 18/(-10) - 5*(-5)/(-125). Give a(i).
-1
Let h(a) = -a**2 + 6*a + 1. Suppose 4*d - 4 = -0*d. Suppose -d = -n - 2*u, -3*n - n = 4*u - 12. Calculate h(n).
6
Let r(m) = -m**2 + m. Suppose -4*h = -4*o, -20 = -3*h - 2*h. Let i(n) = 5*n - 6. Let w be i(o). Suppose 2*a - 2*p = -w, p = -5*a - p. Calculate r(a).
-6
Let s(l) be the first derivative of l**2/2 + l + 22. Determine s(-3).
-2
Let d(x) = -x**3 - 3*x**2 + x. Let o be d(-2). Let f = o - -3. Let j(s) = -s**3 - 3*s**2 + 3*s. Determine j(f).
-9
Let k = 8 + -9. Let v(x) be the second derivative of x**5/4 - x**3/6 + 2*x. Determine v(k).
-4
Let r = 15 - 13. Let g = -6 + r. Let x(l) = l**3 + 5*l**2 + 2*l - 1. Determine x(g).
7
Let h(s) be the third derivative of -s**5/60 + s**4/12 - s**3/3 + 34*s**2. What is h(3)?
-5
Let t(n) = -4*n - 1. Let f be -2 + ((-3)/(-3) - -4). Let l = -2 + f. Calculate t(l).
-5
Let f = 133 - 132. Suppose -3*y + 2 = j - 0, 4*j = 3*y - 22. Let r(i) = 0*i + 0*i + i - 2*i**y. Give r(f).
-1
Let f(s) = s**2 + 6*s + 3. Let q be f(-6). Let w = 51 - 46. Suppose -10 = -q*k + w*k. Let n(p) = -p**3 - 6*p**2 - 6*p + 6. Give n(k).
11
Let z(d) = -d**2 + 24*d**3 - 3*d + 22*d**3 - 3 - 47*d**3. Give z(-2).
7
Let u(x) = -3*x**2 + 0 - 3*x**2 - 4*x - 82*x**3 + 81*x**3 + 5. Let m = -4 - 1. What is u(m)?
0
Let x(o) = o**3 + o**2 - 2*o + 1. Let f(v) = -3*v + 3. Let l be f(-5). Suppose u - 4*m + m = 1, 3 = -u - m. Let q be l/14 - u/(-7). What is x(q)?
1
Let x(s) be the first derivative of -s**4/4 + 2*s**3 - 3*s**2 + 7*s + 5. Give x(5).
2
Let f(j) = -2*j**2 + 3*j. Let g be f(2). Let w be (5/(-15))/(g/(-18)). Let q = 0 + w. Let o(c) = c**2 + 5*c - 3. Determine o(q).
-9
Let y(u) = u**2 + 6*u. Let k be y(-6). Let q(j) = 8 + 3*j**2 - 4*j**2 + 7. Calculate q(k).
15
Let w(f) be the first derivative of f**3/3 + 3*f**2 + 5*f + 1. Suppose 2*s + 2 = s + h, -2*h - 6 = 0. Calculate w(s).
0
Let k(g) = 0*g**2 + 2 + g**2 - 3*g + 0*g**2. Let b(n) = 3*n - 5 - 2*n - 2*n. Let r be b(-7). Calculate k(r).
0
Let o(h) be the third derivative of 0 + h**2 - 1/20*h**5 - 1/24*h**4 + 0*h + 1/6*h**3. Suppose 0*z + 3*z = 3. Determine o(z).
-3
Let m be -2*1/((-4)/10). Let w(f) be the third derivative of -5/6*f**3 - 1/120*f**6 + 5*f**2 + 7/24*f**4 + 0*f + 1/15*f**5 + 0. Give w(m).
5
Let n(d) =